i - 1. Calculate w(-4).
-125
Let x(j) = -4*j - 178. Give x(-70).
102
Let l(v) = 119*v + 696. Calculate l(-9).
-375
Let k(n) = -2*n**2 - 117*n + 184. Give k(-60).
4
Let i(m) = -102*m + 55. Determine i(6).
-557
Let f(q) = -15*q**2 - 317*q - 47. Give f(-21).
-5
Let d(c) = -11*c + 317. Give d(42).
-145
Let s(n) = n**2 + 16*n + 12. What is s(-7)?
-51
Let c(z) = -2217*z - 2199. Give c(-1).
18
Let f(a) = a**3 - 14*a**2 - 11*a + 20. What is f(15)?
80
Let a(b) = -b**2 + 1152*b - 8007. Calculate a(7).
8
Let y(q) = -2*q**3 - 7*q**2 + 5*q + 8. Determine y(-4).
4
Let t(k) = -k**3 - 29*k**2 - 63. Give t(-29).
-63
Let l(c) = -552*c**2 + 1679*c - 17. Determine l(3).
52
Let a(r) = -14*r - 25. Give a(-5).
45
Let u(m) = 20*m - 58. Calculate u(3).
2
Let b(a) = -42*a - 312. Calculate b(-7).
-18
Let p(z) = 347*z - 2244. What is p(7)?
185
Let p(t) = -t**2 - 54*t - 102. Calculate p(-2).
2
Let z(k) = -12*k + 486. Give z(53).
-150
Let j(z) = 4*z**3 - z**2 - 49*z + 99. Give j(2).
29
Let l(m) = m**3 + 11*m**2 - 14*m - 21. What is l(-12)?
3
Let d(j) = 22*j + 305. Calculate d(-16).
-47
Let p(f) = f**3 + 8*f**2 - 17*f - 27. Give p(-10).
-57
Let o(w) = -8*w**2 - 59*w + 302. What is o(5)?
-193
Let b(o) = -23*o**2 + 269*o + 92. What is b(12)?
8
Let i(w) = -50*w**2 - 124*w - 124. Calculate i(-1).
-50
Let t(n) = -n**2 - 14*n - 54. Give t(-9).
-9
Let s(r) = 44*r + 823. Calculate s(-15).
163
Let n(x) = -891*x + 40087. Give n(45).
-8
Let l(p) = p**3 - 7*p**2 - 9*p + 83. What is l(6)?
-7
Let d(c) = -2062*c - 30939. Determine d(-15).
-9
Let u(y) = -8*y**2 + 23*y + 11. What is u(5)?
-74
Let c(b) = 4*b**3 - 213*b + 213. Calculate c(1).
4
Let v(q) = -q**3 + 3*q**2 + 10*q + 1. Determine v(3).
31
Let m(w) = -w**3 - 33*w**2 - 98*w + 51. Calculate m(-30).
291
Let n(q) = 51*q - 461. What is n(14)?
253
Let k(q) = q**3 + 929*q + 5. Determine k(0).
5
Let c(j) = -91*j - 138. Give c(-4).
226
Let r(j) = -6*j - 266. Give r(-37).
-44
Let v(t) = 19*t + 276. Give v(10).
466
Let q(p) = 358*p + 273. What is q(-1)?
-85
Let h(k) = -152*k - 924. Calculate h(-6).
-12
Let w(a) = -577*a - 4601. Calculate w(-8).
15
Let l(r) = -2*r**3 + 31*r**2 - 13*r - 39. What is l(15)?
-9
Let f(s) = -2*s**2 + 21*s + 27. Give f(12).
-9
Let d(s) = -6*s**3 - 565*s**2 - 92*s + 123. Give d(-94).
-65
Let h(c) = c**3 + 58*c + 7. Determine h(0).
7
Let m(h) = 226*h + 52893. What is m(-234)?
9
Let z(d) = 4*d**2 - 25*d - 55. Calculate z(7).
-34
Let m(h) = 28*h + 848. Determine m(-28).
64
Let k(n) = 2*n**3 - 2*n**2 + 5*n - 45. Determine k(0).
-45
Let j(t) = -t**2 - 16*t + 144. Give j(8).
-48
Let i(y) = y**3 - y**2 - 15*y + 4. Give i(-4).
-16
Let z(j) = -15*j - 783. Calculate z(-60).
117
Let j(l) = l**3 - 10*l**2 - 25*l + 17. Give j(12).
5
Let j(f) = -9*f + 450. Determine j(45).
45
Let y(f) = 3*f - 219. What is y(54)?
-57
Let o(u) = 57*u + 2973. Calculate o(-48).
237
Let w(p) = 42*p**2 - 3*p - 1. Determine w(-2).
173
Let z(v) = 71*v - 73. Calculate z(1).
-2
Let u(s) = -3*s**3 + 5*s**2 - 8*s + 4. What is u(2)?
-16
Let b(s) = 42*s**2 + 6*s + 6. What is b(-1)?
42
Let h(b) = -160*b**2 + 70*b + 77. Determine h(-1).
-153
Let u(v) = -v**3 + 39*v**2 + v - 25. Give u(39).
14
Let d(v) = -3*v**2 - 73*v - 359. Determine d(-16).
41
Let x(n) = n**3 + 69*n**2 - 143*n - 90. What is x(-71)?
-19
Let w(s) = 21*s - 497. Determine w(25).
28
Let n(q) = 166*q + 3898. Give n(-24).
-86
Let c(m) = 3*m**2 - 22*m + 48. Give c(6).
24
Let b(c) = -c**2 - 78*c - 230. Determine b(-75).
-5
Let y(x) = -789*x**2 - 10263*x - 74. Determine y(-13).
4
Let z(x) = -3*x + 66. What is z(-24)?
138
Let g(f) = -f**3 - 8*f**2 + 38*f + 7. Determine g(3).
22
Let s(w) = -4*w**2 - 87*w - 38. Calculate s(-22).
-60
Let t(w) = w**2 + 123*w + 3232. Calculate t(-39).
-44
Let z(l) = -5*l**2 - 210*l + 443. Give z(-44).
3
Let n(f) = -f**2 + 36*f + 187. Determine n(-4).
27
Let n(r) = 16187*r + 2. Calculate n(0).
2
Let b(o) = 8*o**3 - 2*o**2 + 27*o - 47. What is b(2)?
63
Let n(v) = -v**3 - 15*v**2 + 35*v - 2. Calculate n(-17).
-19
Let s(w) = -w**3 + 15*w**2 - 453*w + 7496. What is s(16)?
-8
Let h(o) = -60*o - 1615. Calculate h(-27).
5
Let j(b) = 13*b - 1506. Give j(85).
-401
Let q(n) = -17*n + 59. What is q(5)?
-26
Let t(r) = r**2 - 19*r - 680. Give t(37).
-14
Let o(z) = z**3 + 11*z**2 + 6*z - 54. Determine o(-3).
0
Let h(w) = 19*w**2 + 54*w + 1. Give h(-4).
89
Let p(q) = -176*q - 3875. Calculate p(-22).
-3
Let l(z) = -z**3 + 15*z**2 + 11*z + 20. Give l(15).
185
Let c(d) = 141*d - 179. What is c(2)?
103
Let m(l) = 43*l + 129. What is m(5)?
344
Let j(a) = 3*a**3 + 2*a**2 + 86*a + 320. What is j(-4)?
-184
Let b(m) = -7*m**3 + 66*m**2 + 128*m + 6. What is b(11)?
83
Let x(g) = -169*g - 3661. Determine x(-22).
57
Let c(z) = -23*z + 2078. Calculate c(90).
8
Let x(j) = 5*j**3 + 35*j**2 - 14*j - 269. What is x(-6)?
-5
Let y(a) = 277*a - 3600. Calculate y(13).
1
Let x(g) = 920*g + 4688. Calculate x(-5).
88
Let g(o) = 326*o - 30963. Determine g(95).
7
Let p(f) = -f**2 + 95*f - 2082. Determine p(35).
18
Let h(u) = 5*u**3 - 2*u**2 + 5*u + 13. Determine h(-2).
-45
Let f(j) = j**2 + 11*j + 286. Give f(0).
286
Let g(r) = r**3 + 23*r**2 - 52*r - 1973. What is g(-21)?
1
Let l(f) = -f**2 + 14*f - 15. What is l(1)?
-2
Let h(m) = -m**3 - 40*m**2 - 73*m + 121. Calculate h(-38).
7
Let b(q) = -7*q**3 + 6*q**2 - 21*q + 59. Calculate b(3).
-139
Let j(n) = 318*n + 6695. Calculate j(-21).
17
Let q(f) = -528*f + 11082. Calculate q(21).
-6
Let x(v) = -12*v + 632. What is x(51)?
20
Let o(q) = q**3 + 10*q - 9. Determine o(1).
2
Let i(x) = x**3 - x**2 + 24*x - 82. What is i(4)?
62
Let x(m) = -m**2 + 30*m - 15. Give x(28).
41
Let j(i) = -91902*i + 459516. What is j(5)?
6
Let n(m) = 2*m**2 - 21*m - 62. What is n(18)?
208
Let h(m) = -m**3 - 9*m**2 + 2*m - 32. Calculate h(-10).
48
Let s(z) = -83*z - 240. Determine s(-3).
9
Let q(a) = 2*a**3 + 48*a**2 + 48*a + 46. What is q(-23)?
0
Let d(j) = -35*j - 1117. Give d(-32).
3
Let y(j) = j**3 - 69*j**2 - 215*j - 145. Give y(72).
-73
Let o(q) = 14*q**2 + 8*q + 6. Calculate o(-2).
46
Let h(g) = 2*g**2 - 34*g - 324. Give h(-7).
12
Let k(r) = 2*r**3 + 26*r**2 + 48*r + 33. Determine k(-11).
-11
Let o(z) = -z**3 - 9*z**2 + 4*z - 42. Calculate o(-8).
-138
Let n(q) = -2*q**3 - 164*q**2 - 4*q - 339. Determine n(-82).
-11
Let o(c) = -27*c - 1343. Calculate o(-58).
223
Let d(u) = -2*u**2 + 14*u + 66. Determine d(10).
6
Let q(t) = 108*t - 671. Give q(0).
-671
Let i(v) = -v**3 + v**2 - 40*v - 131. Determine i(0).
-131
Let b(y) = 10*y + 1059. Determine b(-106).
-1
Let r(p) = p**3 + 15*p**2 - 49*p - 418. What is r(-7)?
317
Let s(p) = -p**3 + 134*p**2 - 1986*p - 346. Give s(117).
5
Let n(z) = -z**3 + 21*z**2 + 44*z + 41. What is n(23)?
-5
Let u(l) = -l**2 + 239*l - 10480. Determine u(58).
18
Let n(v) = -49*v - 44. Give n(-2).
54
Let c(y) = 2*y. Determine c(-34).
-68
Let y(l) = l**3 - 6*l**2 - 34*l + 15. Determine y(-4).
-9
Let z(o) = 2*o**3 - 74*o**2 - 76*o + 11. What is z(38)?
11
Let j(q) = q**3 - 118*q**2 + 474*q - 2047. Calculate j(114).
5
Let h(q) = 208*q + 5844. Give h(-28).
20
Let w(h) = 77*h + 1301. What is w(-17)?
-8
Let h(b) = -137*b - 16307. What is h(-119)?
-4
Let p(i) = i**3 + 17*i**2 - 272*i + 18. What is p(10)?
-2
Let r(i) = i**3 - 12*i**2 + 75*i - 351. Give r(6).
-117
Let h(v) = -87*v - 43. What is h(-2)?
131
Let s(z) = -z**2 - 51*z + 354. Calculate s(-57).
12
Let t(m) = -m**3 + 58*m**2 + 57*m + 90. What is t(59)?
-28
Let y(i) = i**2 - 88*i + 1507. Calculate y(23).
12
Let r(h) = -3*h**2 - 22*h + 358. What is r(7)?
57
Let h(d) = -d**3 - 24*d**2 - 28*d - 58. Determine h(-23).
57
Let n(i) = -5*i**2 - 194*i + 23. Determine n(-39).
-16
Let i(y) = 2*y**2 - 581*y - 2346. Calculate i(-4).
10
Let w(o) = -2*o**3 - 25*o**2 + 65*o - 40. Determine w(-15).
110
Let g(y) = 60*y - 264. Calculate g(9).
276
Let v(l) = -6548*l + 130965. Determine v(20).
5
Let d(o) = -3*o - 92. Calculate d(6).
-110
Let s(w) = -2*w**3 + 16*w**2 + 59*w - 47. Determine s(10).
143
Let t(w) = 3*w**3 - 97*w**2 + 30*w + 58. Give t(32).
-6
Let z(d) = -3*d**3 + 54*d**2 - 3*d - 48. Give z(18).
-102
Let c(i) = -10*i + 18. Calculate c(1).
8
Let f(r) = 21*r - 1950. What is f(93)?
3
Let p(l) = 4*l**2 - 108*l - 446. Give p(-4).
50
Let x(t) = -t**3 + 24*t**2 - 25*t + 467. Determine x(24).
-133
Let p(v) = -5*v**3 + 541*v**2 - 105*v - 323. C